 q be h(12). Calculate the greatest common divisor of m and q.
3
Let q(r) = 2*r**3 - 27*r**2 + 39*r. Let c be q(12). What is the highest common factor of 324 and c?
36
Let m(i) = -i - 5 - 3*i + 7*i - 5. Let g be m(4). Suppose g*y - 2*x - 11 = 11, -21 = -2*y + 3*x. Calculate the greatest common factor of y and 108.
12
Let s be (-4)/(-4) + (18 - (-1)/(-1)). Let g = 174 - 102. What is the highest common divisor of s and g?
18
Let x = -96 - -203. Let v be -5 + 3 + 3 + x. Suppose -u = 5*u - v. What is the greatest common factor of u and 126?
18
Let l be 1/2*(-4 + 2 - -4). Let d be ((-14)/14)/(2/(-18)). What is the greatest common factor of l and d?
1
Suppose 4*w = -123 + 255. Calculate the greatest common factor of w and 297.
33
Let m = -18 - -26. Let u(z) = 13*z**3 - 2 - 3*z + 7*z**2 + 6 - 14*z**3. Let s be u(4). Calculate the highest common factor of s and m.
8
Suppose 0*d - d = -120. Suppose -5*k = -12 + 2. Suppose -30 = k*n - 4*n. Calculate the greatest common factor of d and n.
15
Let n = -40 - -104. Calculate the greatest common divisor of 352 and n.
32
Suppose n + 5*w - 1 = -7, -2*n + 2 = 3*w. Suppose -3*g - 2*b + 34 = 0, -5*g - 134*b = -136*b - 78. What is the greatest common factor of n and g?
2
Let p be (1/(-2))/((-10)/2955)*-4. Let f = p + 871. What is the highest common divisor of 35 and f?
35
Let n be 86232/648 - (-4)/(-54). What is the greatest common factor of n and 28?
7
Let m be (36/21)/(4/210). Let t be (-3)/4 + m/24. Let y(l) = 2*l**2 - l. Let n be y(t). Calculate the highest common factor of n and 15.
15
Let k = 864 + -834. What is the highest common divisor of k and 870?
30
Suppose z + 136 = 5*z. Let v be (15 + (-10)/(-5))*2*5. Calculate the highest common factor of v and z.
34
Let m = 1250 + -1241. Calculate the greatest common divisor of 387 and m.
9
Let z = 221 - 187. Calculate the highest common divisor of z and 6.
2
Let o(b) = b**3 - 2*b**2 + b + 7. Let i(p) = -p**3 - 22*p**2 - p - 17. Let a be i(-22). Let c be o(a). Calculate the greatest common factor of c and 29.
29
Let o(v) = -9*v + 152. Let j be o(0). What is the highest common factor of 418 and j?
38
Let u(l) = 4*l + 6. Let d(x) = -5*x - 6. Let g(p) = 3*d(p) + 4*u(p). Suppose 5*k - 26 = 9. Let v be g(k). Calculate the highest common divisor of v and 52.
13
Suppose -16 = 3*v - 2*g - 116, -4*v = -4*g - 128. Calculate the highest common divisor of v and 54.
18
Let l(i) = -i**2 + 329. Let r be l(0). Suppose 2*z = 7*v - 12*v + 237, 3*v - 144 = -3*z. What is the highest common factor of r and v?
47
Suppose 3*s - 30 = 8*s. Let a be (-622)/(-12) + s/(-36). What is the highest common factor of 13 and a?
13
Let h = -227 + 254. Calculate the greatest common divisor of 72 and h.
9
Suppose r + 7*b - 408 = 8*b, 817 = 2*r - 3*b. What is the highest common factor of r and 22?
11
Let k = 1942 + -1838. What is the greatest common factor of 104 and k?
104
Suppose 29*p - 2*p - 189 = 0. Let a be (3 - 8/(-4)) + 4 + -2. Calculate the highest common factor of a and p.
7
Let j(k) be the third derivative of k**6/120 - 7*k**5/60 - 7*k**4/24 + 5*k**3/3 + 2*k**2 - 47. Let u be j(8). What is the greatest common divisor of 342 and u?
18
Let l = 66 + -71. Let z be (l + 17)*(-16)/(-6). Calculate the greatest common factor of 4 and z.
4
Let w be 2/(-6) + 174/9. Suppose w - 175 = -6*d. Calculate the greatest common divisor of 65 and d.
13
Suppose 11*k + 340 = -353. Let i = 82 + k. Calculate the greatest common divisor of i and 171.
19
Suppose i + v + 7 = 2*i, 5*i = -3*v + 43. Suppose q + i = 127. Calculate the greatest common divisor of 17 and q.
17
Suppose 603*j - 611*j = -1360. What is the greatest common divisor of 160 and j?
10
Let t(n) be the first derivative of n**4/4 + 17*n**3/3 - 3*n**2/2 - 13*n + 7. Let i be t(-17). What is the greatest common factor of 19 and i?
19
Suppose -3*t + 12 = 0, 176 = 4*n - 3*n + t. What is the greatest common divisor of n and 129?
43
Let a be (-50)/(-15)*27/15. Let d(b) = -b**2 + 19*b - 10. Let s be d(a). Calculate the greatest common factor of s and 17.
17
Let z(q) = q**2 + 3. Suppose 24 = 22*h - 16*h. Let p be z(h). Calculate the greatest common factor of 133 and p.
19
Suppose -2*h + 5*h = 3*i + 57, -4*h = -i - 64. Let y be (-5)/h*(1 + -19). Suppose 0 = 5*p - 243 - 87. Calculate the greatest common factor of y and p.
6
Let t(l) = -l - 3. Let y be -4 + 3/(-1 + -2). Let f be t(y). Calculate the greatest common factor of 16 and f.
2
Let i be 2 + -3 + 0 - -289. Let x be (7 - 15) + (3 - (-82)/2). What is the highest common divisor of x and i?
36
Let g(z) = -z**3 + 4*z**2 + 4*z + 8. Let o(t) = t**2 - 7*t + 15. Let r be o(5). Let p be g(r). Calculate the highest common divisor of p and 3.
3
Suppose 0 = 6*g - 2*g + 256. Let z be (g/6)/8*(-2 - 1). Suppose -3*o = -0*o - h - 72, 0 = -5*h. What is the greatest common factor of z and o?
4
Suppose 0 = -2*z + 4*r + 23 + 27, 4*z - 76 = 2*r. Suppose -110 = z*f - 18*f. What is the highest common factor of f and 10?
10
Let j(w) = -w**2 - 2*w + 1. Let s be j(-5). Let v = -9 - s. Suppose 0*h = h + 2*u - 29, -3*u = 4*h - 106. What is the highest common factor of h and v?
5
Let a be 160/(-6)*(-75)/10 + 3. What is the greatest common divisor of a and 14?
7
Let f(m) = 3*m + 8. Let i be f(-4). Let o be 4 + (i - -1 - -2). Calculate the greatest common factor of 21 and o.
3
Let h = -779 + 792. Calculate the greatest common factor of h and 351.
13
Let n(q) = 39*q. Let p be n(1). Let t(s) = 45*s + 10 - s**3 + 0 - 51*s + 9*s**2. Let d be t(8). What is the highest common factor of p and d?
13
Suppose -48 = -w - 0*w. Calculate the greatest common divisor of 204 and w.
12
Let r(v) = 20*v - 7. Suppose 0*x + x - 5 = 0. Let f be r(x). Calculate the greatest common divisor of f and 31.
31
Let s be 674/6 - (-7)/(-21). Let w be 72/14*s/6. Calculate the highest common divisor of 64 and w.
32
Let i = 454 + -391. What is the highest common factor of i and 1008?
63
Suppose -40 = 2*o - 10*o. Suppose o*c - 36 = -s + 17, 3*s - 142 = 2*c. Suppose -2*y + 6 = -18. Calculate the highest common divisor of y and s.
12
Let l(z) be the first derivative of z**2/2 + 6*z - 10. Let i be l(12). What is the greatest common factor of i and 27?
9
Suppose -8*a + 17*a - 288 = 0. What is the greatest common factor of a and 352?
32
Suppose q + 12*z - 148 = -178, -2*q + 4*z = -24. Let w = -3 + 5. What is the greatest common divisor of w and q?
2
Let q(w) = 24*w**2 + w + 1. Let a be q(-1). Let h = 71 + -42. Let b = h + -23. What is the highest common factor of b and a?
6
Let h be 4/(4/(-3)) - 858/(-13). Suppose -h = -4*w - 4*o + 53, -4*w + 3*o = -144. What is the greatest common divisor of w and 22?
11
Let i(f) = f - 20. Let s be i(10). Let x be (-165)/22*16/s. Calculate the highest common factor of 18 and x.
6
Suppose 0 = 3*q - 2*q - 35. Let f be (-6)/9*(-30)/4. What is the highest common factor of q and f?
5
Let q be 72/5 - (-32)/(-80). Suppose -3*o - 6*g + 20 = -2*g, 4*o - q = g. Let l be 2/o*168/7. What is the highest common factor of l and 60?
12
Let l(r) = 2*r**2 - 7*r + 10. Suppose 0 = -o - 20 + 24. Let v be l(o). Let q be -1 + (-32)/(16/(-4)). Calculate the greatest common factor of v and q.
7
Suppose -25*v = -4939 - 2661. Calculate the highest common factor of v and 152.
152
Let w = 15 + 139. Calculate the greatest common divisor of w and 44.
22
Suppose 0 = -5*h - 5*o + 90, 3*o + 0*o = 5*h - 122. Suppose -4*g + 501 = -115. Calculate the highest common divisor of g and h.
22
Let z be 6/2 + (24 - 21). Suppose -w + 5*v - z - 5 = 0, 4*w - v = 32. Calculate the greatest common divisor of w and 63.
9
Let o = -3 - -5. Suppose -2*r = -5*i - 426, -7*i = -r - o*i + 218. Let z(x) = 28*x - 2. Let a be z(1). What is the greatest common factor of r and a?
26
Let w = 1103 + -955. Calculate the greatest common divisor of w and 20.
4
Suppose -11*n - 12 = -12*n. Let c = 13 + -1. What is the highest common factor of n and c?
12
Suppose 4*x + 23 = 119. Suppose m = -2*k + 20 + x, k = -2*m + 16. Calculate the greatest common factor of k and 12.
12
Let q = 54 - 89. Let c be (-710)/q - (-6)/(-21). Suppose 0 = 3*y - b - 91, -3*b + 27 = y - 0*b. Calculate the highest common factor of y and c.
10
Let r = -183 + 627. Calculate the highest common divisor of 24 and r.
12
Suppose -3*f = 2*f - 95. 